{"id":9471,"date":"2026-05-26T00:00:00","date_gmt":"2026-05-26T01:00:00","guid":{"rendered":"https:\/\/malmocity.se\/?post_type=event&#038;p=9471"},"modified":"2026-05-01T10:06:13","modified_gmt":"2026-05-01T09:06:13","slug":"malmo-borjar-med-oss","status":"publish","type":"event","link":"https:\/\/malmocity.se\/da\/event\/malmo-borjar-med-oss\/","title":{"rendered":"Malm\u00f8 starter med os"},"content":{"rendered":"<p><strong><strong>Malm\u00f8 er vores by - et sted, hvor vi bor, m\u00f8des, arbejder og skaber fremtiden sammen. Nu har du chancen for at hj\u00e6lpe med at g\u00f8re den endnu bedre!<\/strong><\/strong><\/p>\n<p>Den 26. maj samler vi hele Malm\u00f8 til en af \u00e5rets vigtigste begivenheder: en f\u00e6lles reng\u00f8ringsdag, hvor foreninger, virksomheder, ejendomsejere, Malm\u00f8 Kommune og malm\u00f8boere i alle aldre g\u00e5r sammen om at skabe en renere, sikrere og mere behagelig by.<\/p>\n<p>\"Malm\u00f8 starter med os\" handler om at vise, hvad vi kan opn\u00e5, n\u00e5r vi g\u00f8r tingene sammen.<\/p>\n<p>Plastik og affald, der ender i naturen, g\u00f8r stor skade. Ved at arbejde sammen kan vi reducere affaldsm\u00e6ngden, redde milj\u00f8et og bidrage til et b\u00e6redygtigt Malm\u00f8, som vi alle kan v\u00e6re stolte af.<\/p>\n<p>Vi g\u00f8r Malm\u00f8 ren sammen, og vi har brug for dig!<\/p>\n<ul>\n<li>Tag kolleger, venner og familie med, eller kom alene<\/li>\n<li>Oplev f\u00e6llesskab og lokal stolthed<\/li>\n<li>Giv et konkret bidrag til en renere by<\/li>\n<\/ul>\n<p>Malm\u00f8 starter med os!<\/p>","protected":false},"featured_media":0,"template":"","meta":{"_acf_changed":false},"tags":[],"class_list":["post-9471","event","type-event","status-publish","hentry","channel-77"],"acf":[],"_links":{"self":[{"href":"https:\/\/malmocity.se\/da\/wp-json\/wp\/v2\/event\/9471","targetHints":{"allow":["GET"]}}],"collection":[{"href":"https:\/\/malmocity.se\/da\/wp-json\/wp\/v2\/event"}],"about":[{"href":"https:\/\/malmocity.se\/da\/wp-json\/wp\/v2\/types\/event"}],"wp:attachment":[{"href":"https:\/\/malmocity.se\/da\/wp-json\/wp\/v2\/media?parent=9471"}],"wp:term":[{"taxonomy":"post_tag","embeddable":true,"href":"https:\/\/malmocity.se\/da\/wp-json\/wp\/v2\/tags?post=9471"}],"curies":[{"name":"wp","href":"https:\/\/api.w.org\/{rel}","templated":true}]}}

Malmø starter med os

<p><strong><strong>Malmø er vores by - et sted, hvor vi bor, mødes, arbejder og skaber fremtiden sammen. Nu har du chancen for at hjælpe med at gøre den endnu bedre!</strong></strong></p>
<p>Den 26. maj samler vi hele Malmø til en af årets vigtigste begivenheder: en fælles rengøringsdag, hvor foreninger, virksomheder, ejendomsejere, Malmø Kommune og malmøboere i alle aldre går sammen om at skabe en renere, sikrere og mere behagelig by.</p>
<p>"Malmø starter med os" handler om at vise, hvad vi kan opnå, når vi gør tingene sammen.</p>
<p>Plastik og affald, der ender i naturen, gør stor skade. Ved at arbejde sammen kan vi reducere affaldsmængden, redde miljøet og bidrage til et bæredygtigt Malmø, som vi alle kan være stolte af.</p>
<p>Vi gør Malmø ren sammen, og vi har brug for dig!</p>
<ul>
<li>Tag kolleger, venner og familie med, eller kom alene</li>
<li>Oplev fællesskab og lokal stolthed</li>
<li>Giv et konkret bidrag til en renere by</li>
</ul>
<p>Malmø starter med os!</p>
