{"id":8128,"date":"2025-10-11T00:00:00","date_gmt":"2025-10-11T01:00:00","guid":{"rendered":"https:\/\/malmocity.se\/?post_type=event&#038;p=8128"},"modified":"2025-10-11T00:07:11","modified_gmt":"2025-10-10T23:07:11","slug":"antligen-dags-for-pumpafestival-mitt-i-malmo-city-%f0%9f%8e%83","status":"publish","type":"event","link":"https:\/\/malmocity.se\/de\/event\/antligen-dags-for-pumpafestival-mitt-i-malmo-city-%f0%9f%8e%83\/","title":{"rendered":"Endlich Zeit f\u00fcr ein K\u00fcrbisfest im Zentrum von Malm\u00f6! \ud83c\udf83"},"content":{"rendered":"<p>Bei diesem herbstlichen Gartenfest dreht sich alles um den K\u00fcrbis. Ein Erlebnis f\u00fcr alle - Gro\u00df und Klein. Live-Musik auf der B\u00fchne, K\u00fcrbismarkt mit verschiedenen Zierk\u00fcrbissen und wintertauglichen Pflanzen, Grill, Bar, Eis, lustige Wettbewerbe mit tollen Preisen, Tipprunde und Angelteich f\u00fcr die Kinder.<\/p>\n<p>Willkommen im Programm!<br \/>\ud83c\udf41\ud83c\udf83\ud83e\udd6e\ud83e\udd55\ud83e\udd58<\/p>","protected":false},"featured_media":0,"template":"","meta":{"_acf_changed":false},"tags":[],"class_list":["post-8128","event","type-event","status-publish","hentry","channel-77"],"acf":[],"_links":{"self":[{"href":"https:\/\/malmocity.se\/de\/wp-json\/wp\/v2\/event\/8128","targetHints":{"allow":["GET"]}}],"collection":[{"href":"https:\/\/malmocity.se\/de\/wp-json\/wp\/v2\/event"}],"about":[{"href":"https:\/\/malmocity.se\/de\/wp-json\/wp\/v2\/types\/event"}],"wp:attachment":[{"href":"https:\/\/malmocity.se\/de\/wp-json\/wp\/v2\/media?parent=8128"}],"wp:term":[{"taxonomy":"post_tag","embeddable":true,"href":"https:\/\/malmocity.se\/de\/wp-json\/wp\/v2\/tags?post=8128"}],"curies":[{"name":"wp","href":"https:\/\/api.w.org\/{rel}","templated":true}]}}

Endlich Zeit für ein Kürbisfest im Zentrum von Malmö! 🎃

<p>Bei diesem herbstlichen Gartenfest dreht sich alles um den Kürbis. Ein Erlebnis für alle - Groß und Klein. Live-Musik auf der Bühne, Kürbismarkt mit verschiedenen Zierkürbissen und wintertauglichen Pflanzen, Grill, Bar, Eis, lustige Wettbewerbe mit tollen Preisen, Tipprunde und Angelteich für die Kinder.</p>
<p>Willkommen im Programm!<br />🍁🎃🥮🥕🥘</p>
