{"id":9471,"date":"2026-05-26T00:00:00","date_gmt":"2026-05-26T01:00:00","guid":{"rendered":"https:\/\/malmocity.se\/?post_type=event&#038;p=9471"},"modified":"2026-05-01T08:06:12","modified_gmt":"2026-05-01T07:06:12","slug":"malmo-borjar-med-oss","status":"publish","type":"event","link":"https:\/\/malmocity.se\/de\/event\/malmo-borjar-med-oss\/","title":{"rendered":"Malm\u00f6 beginnt mit uns"},"content":{"rendered":"<p><strong><strong>Malm\u00f6 ist unsere Stadt - ein Ort, an dem wir leben, uns treffen, arbeiten und gemeinsam die Zukunft gestalten. Jetzt haben Sie die Chance, mitzuhelfen, sie noch besser zu machen!<\/strong><\/strong><\/p>\n<p>Am 26. Mai bringen wir ganz Malm\u00f6 zu einer der wichtigsten Veranstaltungen des Jahres zusammen: einem gemeinsamen Reinigungstag, an dem Vereine, Unternehmen, Immobilienbesitzer, die Stadt Malm\u00f6 und Malm\u00f6er aller Altersgruppen ihre Kr\u00e4fte b\u00fcndeln, um die Stadt sauberer, sicherer und angenehmer zu machen.<\/p>\n<p>\"Malm\u00f6 beginnt mit uns\" soll zeigen, was wir erreichen k\u00f6nnen, wenn wir etwas gemeinsam tun.<\/p>\n<p>Plastik und M\u00fcll, die in der Natur landen, richten gro\u00dfen Schaden an. Wenn wir zusammenarbeiten, k\u00f6nnen wir den Abfall reduzieren, die Umwelt sch\u00fctzen und zu einem nachhaltigen Malm\u00f6 beitragen, auf das wir alle stolz sein k\u00f6nnen.<\/p>\n<p>Wir s\u00e4ubern Malm\u00f6 gemeinsam, und wir brauchen Sie!<\/p>\n<ul>\n<li>Bringen Sie Kollegen, Freunde, Familie mit oder kommen Sie allein<\/li>\n<li>Gemeinschaft und Lokalstolz erleben<\/li>\n<li>Leisten Sie einen konkreten Beitrag zu einer saubereren Stadt<\/li>\n<\/ul>\n<p>Malm\u00f6 beginnt mit uns!<\/p>","protected":false},"featured_media":0,"template":"","meta":{"_acf_changed":false},"tags":[],"class_list":["post-9471","event","type-event","status-publish","hentry","channel-77"],"acf":[],"_links":{"self":[{"href":"https:\/\/malmocity.se\/de\/wp-json\/wp\/v2\/event\/9471","targetHints":{"allow":["GET"]}}],"collection":[{"href":"https:\/\/malmocity.se\/de\/wp-json\/wp\/v2\/event"}],"about":[{"href":"https:\/\/malmocity.se\/de\/wp-json\/wp\/v2\/types\/event"}],"wp:attachment":[{"href":"https:\/\/malmocity.se\/de\/wp-json\/wp\/v2\/media?parent=9471"}],"wp:term":[{"taxonomy":"post_tag","embeddable":true,"href":"https:\/\/malmocity.se\/de\/wp-json\/wp\/v2\/tags?post=9471"}],"curies":[{"name":"wp","href":"https:\/\/api.w.org\/{rel}","templated":true}]}}

Malmö beginnt mit uns

<p><strong><strong>Malmö ist unsere Stadt - ein Ort, an dem wir leben, uns treffen, arbeiten und gemeinsam die Zukunft gestalten. Jetzt haben Sie die Chance, mitzuhelfen, sie noch besser zu machen!</strong></strong></p>
<p>Am 26. Mai bringen wir ganz Malmö zu einer der wichtigsten Veranstaltungen des Jahres zusammen: einem gemeinsamen Reinigungstag, an dem Vereine, Unternehmen, Immobilienbesitzer, die Stadt Malmö und Malmöer aller Altersgruppen ihre Kräfte bündeln, um die Stadt sauberer, sicherer und angenehmer zu machen.</p>
<p>"Malmö beginnt mit uns" soll zeigen, was wir erreichen können, wenn wir etwas gemeinsam tun.</p>
<p>Plastik und Müll, die in der Natur landen, richten großen Schaden an. Wenn wir zusammenarbeiten, können wir den Abfall reduzieren, die Umwelt schützen und zu einem nachhaltigen Malmö beitragen, auf das wir alle stolz sein können.</p>
<p>Wir säubern Malmö gemeinsam, und wir brauchen Sie!</p>
<ul>
<li>Bringen Sie Kollegen, Freunde, Familie mit oder kommen Sie allein</li>
<li>Gemeinschaft und Lokalstolz erleben</li>
<li>Leisten Sie einen konkreten Beitrag zu einer saubereren Stadt</li>
</ul>
<p>Malmö beginnt mit uns!</p>
