{"id":4555,"date":"2025-04-12T00:00:00","date_gmt":"2025-04-12T01:00:00","guid":{"rendered":"https:\/\/malmocity.se\/?post_type=event&#038;p=4555"},"modified":"2025-04-12T00:26:17","modified_gmt":"2025-04-11T23:26:17","slug":"varyra-2025-valkomna-varen-till-malmo-city","status":"publish","type":"event","link":"https:\/\/malmocity.se\/en\/event\/varyra-2025-valkomna-varen-till-malmo-city\/","title":{"rendered":"V\u00e5ryra 2025 - Welcome spring to Malm\u00f6 City"},"content":{"rendered":"<p>Welcome to V\u00c5RYRA in Malm\u00f6 City - a colourful day for the whole family!<\/p>\n<p>Come and celebrate spring with us in the heart of Malm\u00f6! There will be entertainment, music and exciting activities for both young and old. Also enjoy great food from the International Food Festival at Gustav Adolfs torg.<\/p>\n<p>The event stretches from S\u00f6dergatan to M\u00f6llev\u00e5ngstorget. See the full programme for the day <a href=\"https:\/\/malmocity.se\/en\/varyra\/\" target=\"_blank\" rel=\"noopener\">here<\/a>!<\/p>\n<p>Keep an eye out in our <a href=\"https:\/\/www.facebook.com\/events\/932444709051505\/?acontext=%7B%22event_action_history%22%3A%5B%7B%22extra_data%22%3A%22%22%2C%22mechanism%22%3A%22unknown%22%2C%22surface%22%3A%22user_timeline%22%7D%2C%7B%22extra_data%22%3A%22%22%2C%22mechanism%22%3A%22events_section_for_community_additional_profile%22%2C%22surface%22%3A%22community_additional_profile%22%7D%2C%7B%22extra_data%22%3A%22%22%2C%22mechanism%22%3A%22surface%22%2C%22surface%22%3A%22create_dialog%22%7D%5D%2C%22ref_notif_type%22%3Anull%7D&amp;onload_action=open_invite_flow&amp;show_created_event_toast=true\" target=\"_blank\" rel=\"noopener\">facebook events<\/a> which is updated regularly.<\/p>","protected":false},"featured_media":0,"template":"","meta":{"_acf_changed":false},"tags":[],"class_list":["post-4555","event","type-event","status-publish","hentry","channel-77"],"acf":[],"_links":{"self":[{"href":"https:\/\/malmocity.se\/en\/wp-json\/wp\/v2\/event\/4555","targetHints":{"allow":["GET"]}}],"collection":[{"href":"https:\/\/malmocity.se\/en\/wp-json\/wp\/v2\/event"}],"about":[{"href":"https:\/\/malmocity.se\/en\/wp-json\/wp\/v2\/types\/event"}],"wp:attachment":[{"href":"https:\/\/malmocity.se\/en\/wp-json\/wp\/v2\/media?parent=4555"}],"wp:term":[{"taxonomy":"post_tag","embeddable":true,"href":"https:\/\/malmocity.se\/en\/wp-json\/wp\/v2\/tags?post=4555"}],"curies":[{"name":"wp","href":"https:\/\/api.w.org\/{rel}","templated":true}]}}

Våryra 2025 - Welcome spring to Malmö City

<p>Welcome to VÅRYRA in Malmö City - a colourful day for the whole family!</p>
<p>Come and celebrate spring with us in the heart of Malmö! There will be entertainment, music and exciting activities for both young and old. Also enjoy great food from the International Food Festival at Gustav Adolfs torg.</p>
<p>The event stretches from Södergatan to Möllevångstorget. See the full programme for the day <a href="https://malmocity.se/en/varyra/" target="_blank" rel="noopener">here</a>!</p>
<p>Keep an eye out in our <a href="https://www.facebook.com/events/932444709051505/?acontext=%7B%22event_action_history%22%3A%5B%7B%22extra_data%22%3A%22%22%2C%22mechanism%22%3A%22unknown%22%2C%22surface%22%3A%22user_timeline%22%7D%2C%7B%22extra_data%22%3A%22%22%2C%22mechanism%22%3A%22events_section_for_community_additional_profile%22%2C%22surface%22%3A%22community_additional_profile%22%7D%2C%7B%22extra_data%22%3A%22%22%2C%22mechanism%22%3A%22surface%22%2C%22surface%22%3A%22create_dialog%22%7D%5D%2C%22ref_notif_type%22%3Anull%7D&amp;onload_action=open_invite_flow&amp;show_created_event_toast=true" target="_blank" rel="noopener">facebook events</a> which is updated regularly.</p>
